mmon factor of i and x?
9
Let m be (-7)/((-63)/(-12))*-3. Suppose 0*x - 84 = -x + 2*o, m*x - 4*o = 348. Suppose 31 = 2*l + 1. What is the highest common factor of x and l?
15
Let r = -11 + 11. Suppose 3*y = -f - r*f + 7, -9 = -f - y. What is the highest common divisor of f and 90?
10
Suppose 0 = 3*j + 5*q - 47, 8*q = 5*j + 3*q - 65. Let r = 215 + -89. Calculate the greatest common factor of r and j.
14
Let l(d) = 9*d**2 + 6*d - 5. Let v be l(5). What is the highest common divisor of v and 50?
50
Let v be (-3)/(-8) - (-6743)/88. Calculate the highest common divisor of 7 and v.
7
Let q be 2 - (2 + (-1 - 1)). Suppose -q*g + 43 = 9. Calculate the highest common divisor of 136 and g.
17
Let k = 2 + -1. Suppose -k = -s + 8. What is the highest common divisor of 81 and s?
9
Suppose 0*c + 5 = c. Suppose -2*q + 18 = 2*q + 2*h, 5*q - 3*h + c = 0. Suppose q = -f, 3*f = -3*y + 8*y - 56. What is the greatest common divisor of y and 10?
10
Let c = -43 - -44. Let o = -3 - -10. Calculate the highest common factor of c and o.
1
Suppose 16 = 4*l - 24. Suppose -50 = -27*w + 26*w. What is the highest common factor of w and l?
10
Let k be ((-70)/(-21))/((-2)/3). Let o(a) = -a**3 - 6*a**2 - 5*a. Let y be o(k). Let s be (-1 - y) + 1 + 3. Calculate the greatest common factor of 3 and s.
3
Let i(u) = u**3 - 3*u**2 - u - 1. Let g be i(4). Calculate the highest common divisor of g and 77.
11
Suppose 0 = -5*x + 20, q + 0*q - 5*x = -7. Let h = -13 - -26. Calculate the greatest common divisor of h and q.
13
Let r(u) = 4*u**2 - 7*u - 9. Let k be r(-2). Calculate the greatest common divisor of 42 and k.
21
Let v(h) = h**3 - 5*h**2 + 9*h. Let q(d) = d**2 - 9*d - 4. Let y be q(10). Let l be v(y). Calculate the highest common factor of 30 and l.
30
Suppose -4 = r - 3*r. Let d(u) = 2*u + u**r + 2 + 0*u - u. Let q be d(-3). Calculate the highest common factor of 40 and q.
8
Suppose -4*g = -2*j - 50, -12 - 11 = -g - 3*j. What is the greatest common factor of 112 and g?
14
Suppose 5*j - 111 = 39. Let v = -10 + j. Suppose -3*i + 10 = -i, -2*g = -3*i + 7. Calculate the highest common divisor of g and v.
4
Let f be (-214)/(-9) - (-2)/9. Let j(k) = k**3 + k**3 + k + 1 - k**3 - 2*k**2. Let q be j(2). Calculate the greatest common factor of f and q.
3
Suppose s - i + 3 - 32 = 0, -3*s = 3*i - 87. What is the highest common factor of s and 319?
29
Let v = 9 + -7. Calculate the highest common factor of v and 14.
2
Suppose -s - 81 - 29 = 0. Let l = -77 - s. What is the greatest common factor of 3 and l?
3
Suppose 2*w + 154 = 5*f + 12, -2*f - 4*w + 76 = 0. Suppose -3*j + 0 + 12 = 0. Suppose 2*i - j = f. What is the greatest common factor of 17 and i?
17
Suppose -3*l - 4*s + 33 = 0, l + s = 2 + 8. Calculate the greatest common divisor of l and 77.
7
Suppose w = -w + 66. Let y = 44 + -33. Calculate the highest common factor of y and w.
11
Let h be 20/(-2)*((-78)/4 + -1). What is the greatest common divisor of 82 and h?
41
Suppose -5*b + 17 + 13 = 0. Let t = 26 - 24. Calculate the greatest common factor of b and t.
2
Suppose 0 = -4*f + 503 - 123. Let x = 27 + -8. Calculate the highest common divisor of f and x.
19
Suppose 97 - 27 = 5*v. Let w = -8 + v. Calculate the highest common divisor of w and 18.
6
Suppose -y + 47 = -12. Suppose 3*z - 1 = y. Suppose 5*t - 2*w - 20 = t, 4*t - 3*w = z. Calculate the greatest common divisor of 5 and t.
5
Let r(w) = 3*w + 2. Let l be r(4). Suppose 6 = 2*x, -l = -5*k + x + x. What is the greatest common factor of k and 2?
2
Let z be 103 + 4 + (2 - 1). What is the highest common divisor of z and 12?
12
Suppose 5*j - 73 = -3*b, 5*b = -19 - 1. Let i(v) = -v + 40. Let l be i(0). Let k = -23 + l. What is the highest common divisor of j and k?
17
Suppose 2*b - 135 = -3*b. What is the highest common divisor of b and 9?
9
Let h(k) = 6*k - 6. Let u be h(3). Calculate the highest common factor of u and 8.
4
Let n be 185/20 - 1/4. Let r be 366/n - 12/18. What is the greatest common factor of 16 and r?
8
Suppose 5*d - 4*w = 2*d + 20, 0 = 4*w + 8. Let t = 7 - d. Let g be (-2 + t)/((-1)/(-4)). Calculate the highest common divisor of 12 and g.
4
Suppose 0 = -3*o + 2*j + 39, 2*j - 66 = -4*o - 0*j. Calculate the greatest common factor of 6 and o.
3
Suppose -100 + 15 = 5*z - i, 2*z + 37 = i. Let w = z - -58. Calculate the greatest common factor of 63 and w.
21
Let g(w) = -3*w + 10. Let v be g(6). Let d be 5 + 2 + 7 + v. What is the highest common factor of d and 24?
6
Suppose -v + 284 = 4*p, 5*v + 130 + 106 = 3*p. What is the highest common divisor of 8 and p?
8
Let i be -3 - (3 - (13 + -2)). Suppose i*j - 120 = j. Calculate the highest common divisor of j and 6.
6
Suppose -2*p + 2*u = u + 32, -p + 2*u - 13 = 0. Let d be 2/5 + (-314)/10. Let o = p - d. What is the greatest common divisor of 7 and o?
7
Let w = -1 - -4. Calculate the highest common divisor of w and 6.
3
Let u be -1*(-3)/(-3)*0. Suppose -5*k + 2*k + 135 = u. Suppose -3*z - z - 2*o = -32, z = 3*o + 15. Calculate the highest common divisor of z and k.
9
Suppose 2*s - 6 = 0, s - 24 - 54 = 3*j. Let g = -12 - j. Suppose -4*r + 11 = -g. What is the highest common factor of r and 6?
6
Suppose -12*q = -465 - 723. What is the greatest common divisor of 9 and q?
9
Suppose -8*t + 73 = -7*t. Let n = t - 25. Suppose 3*v = 16 + 8. What is the highest common divisor of v and n?
8
Suppose 2*k - 12 - 4 = -2*s, 5*k - 60 = 5*s. Calculate the greatest common divisor of k and 80.
10
Let h be 18/(-12)*4/(-3). Suppose b + h = q, q = -2*b + 2*q - 1. Calculate the greatest common divisor of b and 8.
1
Let w = 549 - 525. Let v(n) = 59*n**3 + n**2 + n + 1. Let q be v(-1). Let z = -22 - q. What is the highest common factor of w and z?
12
Suppose -2*y = -3*y + 132. Calculate the highest common factor of y and 12.
12
Let f = -6 + 6. Suppose -5*q - 38 = -2*a, -106 = -4*a - f*a - 5*q. What is the highest common factor of 8 and a?
8
Suppose -2*i = 2*x - 38, -5*i = -0*x + 2*x - 41. Let c = -5 + 5. Suppose -2*d + 5*d - 54 = c. Calculate the highest common factor of x and d.
18
Let u(w) = w**3 + 7*w**2 - w - 5. Let x be u(-7). Calculate the greatest common factor of x and 5.
1
Let c = -96 + 138. Suppose 4*l - a + 1 = 25, 0 = 3*a. What is the greatest common divisor of l and c?
6
Let w = 23 + -10. Let t be 228/(-39) + 4/(-26). Let n = 110 + t. What is the greatest common factor of w and n?
13
Let d(p) = -p**2 + 5*p + 4. Let s be d(3). Let b be -25*-16*2/s. Calculate the highest common factor of 16 and b.
16
Let p be ((1 - 1) + -2)/(1/(-81)). What is the greatest common factor of 18 and p?
18
Suppose -48 = -5*v + 92. Suppose -a + w = -11, 3*w + 1 = a - 4. What is the highest common factor of a and v?
14
Let q(d) = -d - 9. Let j be q(-11). Suppose x - 2 = j. What is the highest common factor of x and 40?
4
Let t be 163/11 + 20/110. Let k be t/(-35) + (-3978)/(-21). Let a be 23 + -3 + 1 + 0. Calculate the highest common divisor of a and k.
21
Suppose 0 = -4*z + 3*z + 8. Suppose -4 = 4*p + z, -4*q + 4*p = -36. Let f(y) = y**2 - 4*y. Let s be f(q). Calculate the highest common divisor of 108 and s.
12
Let p(c) = -c - 4. Let v be p(-10). Let m be (-2 - (-4 + 1))*66. Calculate the greatest common divisor of m and v.
6
Let w(x) = 2*x**2 - 6*x - 12. Let i = -20 + 29. Let b be w(i). Calculate the greatest common factor of 12 and b.
12
Let n be 9/(2*9/204). Suppose -5*f + 18 = -n. What is the highest common divisor of f and 3?
3
Let q be 3*(-2 + (-44)/(-6)). Suppose 4*x - 89 = 3*a, -2*a + 0 + 10 = 0. Suppose 4 = -m, -3*p - 4*m + 78 = -x. Calculate the highest common divisor of q and p.
8
Let g(l) = 7*l**2 + 1. Suppose 0 = -3*k + 2 - 5. Let t be g(k). Suppose -2*w + t = -106. Calculate the highest common divisor of w and 19.
19
Suppose -3*h = -4*h + 22. Suppose -2*k = -0*k - h. Calculate the greatest common divisor of 77 and k.
11
Let o(t) = 7*t + 11. Let i be o(7). What is the highest common factor of i and 15?
15
Suppose 0 = -u - 2*r + 2, -3*r = 5*u - 6*r - 36. Let t = -3 + 2. Let s be (t + 3)/2 + 23. Calculate the greatest common factor of s and u.
6
Let l = 53 - -59. Calculate the greatest common factor of 16 and l.
16
Let g(x) = -x**2 + 0*x**2 - 2*x + 2 + 7*x. Let j be g(5). What is the greatest common factor of j and 1?
1
Suppose m = 21 + 26. Suppose -3